e thousands digit of c(-1)?
3
Let x be 8/(-1 + 3) - 2. Let h(f) = 3*f + f**3 - f**2 + 62 - f**x + 40. What is the tens digit of h(0)?
0
What is the tens digit of (-813)/(-3)*(-17)/17*-1?
7
Suppose -26*b = -20*b + 3312. What is the tens digit of -1*(b + 5) - 2?
4
Let m = 93 - 131. Let j = -40 - m. What is the units digit of (j - -3)/(1/67 - 0)?
7
Suppose 0 = 2*r + 231 - 239. Suppose -4*x + 1016 = r*b, 8 = -2*x - 2*x. What is the tens digit of b?
5
Let x = -1440 + 3479. What is the tens digit of x?
3
Let t = -12084 + 18916. What is the tens digit of t?
3
Suppose 25 = 5*f - 10*f. Let r(o) = -38*o + 63. What is the units digit of r(f)?
3
Let j(p) = 6*p**3 - 31*p**2 + 370*p - 47. What is the thousands digit of j(15)?
8
Suppose -35 = 5*o + 10. Let m be 1507 - o/(4 - 1). What is the units digit of (-1)/(-3 - m/(-505))?
1
Suppose 0 = -36*b + 2*b + 4692. What is the hundreds digit of (-1 + 1*-4)*(-11 - b)?
7
Let i(f) be the third derivative of -f**4/24 + 2*f**3/3 - 6*f**2. Let s be i(-11). Let o(m) = -m**2 + 18*m - 8. What is the units digit of o(s)?
7
Let p = -176 + 177. What is the units digit of 8/20*5 + (18 - p)?
9
Let l(p) = -312*p + 5346. What is the units digit of l(-86)?
8
What is the hundreds digit of (-14)/(-4) + 2 + (-3390245)/(-206)?
4
What is the thousands digit of (5 - (-186)/(-30))/(42/(-573650))?
6
Let u(l) = 10*l + 44. Let n be u(-4). Let w(g) = 4*g**2 - 5*g - 14. Let h be w(n). Suppose 0 = 29*t - h*t + 186. What is the hundreds digit of t?
1
Let f(y) = y**2 - 16*y + 45. Let t be f(13). Suppose o - t*o + 9205 = l, -4*l = -4*o + 7364. What is the hundreds digit of o?
8
Suppose 0*y - y = 13. Let o = 15 + y. Suppose -t - o*j = -60 - 45, -4*t = -3*j - 464. What is the tens digit of t?
1
Suppose -61*w + 4528 = -57*w. Suppose 2*l - 3462 = 4*b, 2*l - w = -2*b + 2354. What is the tens digit of l?
3
Let p be ((-1754)/(-4))/(4/16). Let f = p + -1021. What is the tens digit of f?
3
Let u(q) = 82*q**3 + 2*q**2 - 2*q + 1. Let g be u(2). Suppose 177*w - 170*w = -3269. Let d = w + g. What is the units digit of d?
4
Let d = 792 + -265. Let c = -76 + d. What is the units digit of c?
1
Let y(v) = 3725*v + 3733*v - 7468*v + 1. Let l = -12 + 5. What is the tens digit of y(l)?
7
Suppose -623*j + 81738 = -619*j - 2*m, 4*j - m = 81735. What is the thousands digit of j?
0
Let f = 26 + 8. Let p = f - 29. Suppose -3*y = -12, -314 = -3*h - y + p*y. What is the tens digit of h?
1
Let m = 249 + -33. Suppose 4*y = m + 228. Let g = 186 - y. What is the tens digit of g?
7
Suppose 19*m - 99631 = 74979. What is the thousands digit of m?
9
Suppose 48*o + 484090 = 1337008 + 747018. What is the units digit of o?
2
Let o be 4/2 - 3*86. Suppose -2*y - 199 - 651 = 0. Let b = o - y. What is the hundreds digit of b?
1
Suppose 9*y = -54, -42*y - 37419 = -3*u - 38*y. What is the thousands digit of u?
2
Suppose 206 = 4*s + 238. What is the tens digit of 1/3*(s + 9)*2358?
8
Suppose -q - 77*q = -1310244. What is the thousands digit of q?
6
Let q = 43 + -41. Suppose 1008 = q*k + 3*c, k - c - 27 = 477. Suppose 5*g - 41 = k. What is the units digit of g?
9
Let z(v) = v**3 - 6*v**2 - 2*v + 7. Let f be z(6). What is the units digit of (-58 + -1 + f)/((-2)/9)?
8
Let n = -213 + 209. What is the tens digit of (2 + -3)*-61*(6 + n)?
2
Let f = 119 + -201. Let w = 384 + f. What is the hundreds digit of w?
3
Let w = -3006 + 7172. What is the units digit of w?
6
What is the units digit of (-5025)/10*(-96)/9?
0
Let a(c) = -26*c + 185. Suppose 21*i = 17*i + 24. What is the tens digit of a(i)?
2
Let j(x) = 75 - 1 + 0 - 21*x. What is the hundreds digit of j(-18)?
4
Suppose -20*y + 21*y = 103. Let r = -99 + y. Suppose 0*b + r*b - 244 = 3*j, -4*b + 244 = -5*j. What is the tens digit of b?
6
Let r = -4389 - -9658. What is the units digit of r?
9
Suppose 5*b - 273 = -3*j, 3*b - 3*j - 97 - 86 = 0. Suppose 10*g + 20 - 50 = 0. Suppose g*a = b + 186. What is the tens digit of a?
8
Suppose 4*h + 8 + 28 = 0. Let y = 108 + -92. Let f = y + h. What is the units digit of f?
7
Suppose -h + 2*u = u - 495, 3*h + 3*u - 1509 = 0. Suppose -221 = -12*j + h. What is the tens digit of j?
6
Let d(i) = -7*i + 19. Let o be d(4). Let f be 8/(-16)*(-10 - -2) - o. Suppose 2658 = f*s - 254. What is the hundreds digit of s?
2
Suppose 4*v + 2*f + 14 = 0, 2*v - 8*f = -3*f + 11. Let m be (-46)/(-14) + v - (-6)/(-21). What is the tens digit of -10 + 64 - (-4)/m?
5
Let p(r) = r**3 + 13*r**2 - 15*r - 25. Suppose -31 = -4*c - 67. What is the tens digit of p(c)?
3
Suppose -8 = -2*l + 6. What is the tens digit of -3 - (l + -4 + -266)?
6
Let z(k) = 28*k**2 + 3*k - 11. Let x(v) = -30*v**2 - v + 12. Let f(q) = 3*x(q) + 4*z(q). What is the units digit of f(-4)?
8
Let w be (3 - (1 + 4))/(2/111). Let z = w - -114. Suppose 3*s = -q + 90, 2*s = -q - z*s + 82. What is the hundreds digit of q?
1
Let s(i) = 7*i + 141. Let k be s(-18). What is the hundreds digit of 39809/55 + 3/k?
7
Let a = -21 + 24. Suppose -a*k = y - 18, 5*k = 3*y - 8*y + 40. Suppose -h - 103 = -4*r - 0*r, h - 122 = -k*r. What is the units digit of r?
5
Let q be ((-540)/24)/((1 - 2)/14). What is the hundreds digit of q/(-4)*(21 - 25)?
3
Suppose 3*m - 34 = -2*m + 2*z, -2*m + 3*z = -18. Let v be (13688/87)/(4/m). Suppose 53 = -c + v. What is the units digit of c?
3
Suppose -31*p = -8*p - 1587. Suppose -5489 = -80*f + p*f. What is the units digit of f?
9
Suppose 4*h - g - 156 = 3*g, 0 = 2*h + 4*g - 90. Suppose 0 = -10*z + h + 49. What is the units digit of z?
9
Let t(p) = 2*p**3 + 33*p**2 + 18*p + 10. Let b be t(-16). Let n = b - -27. Suppose -n*g = -17 + 12. What is the units digit of g?
1
Let q(p) = p**3 - 7*p**2 - 7*p - 31. Suppose 5*b + s - 20 = 28, -b - s + 12 = 0. What is the tens digit of q(b)?
6
Suppose -5*z + 144 = 3*z. Let g = z + -23. What is the units digit of (-357)/g - (1 - (-6)/(-10))?
1
Suppose 0 = -4*q + 3*g + 33555, -4*g = g + 25. What is the thousands digit of q?
8
Suppose -152 = 2*i - 2*x, 4*i - i + 2*x = -253. What is the hundreds digit of -3 - (-10312)/9 - 18/i?
1
Suppose 5*n - 300 = -260. Suppose 2*g + n - 342 = 0. What is the hundreds digit of g?
1
Let v(o) be the first derivative of 17 + 1/3*o**3 + o**2 - 9*o. What is the units digit of v(-10)?
1
Suppose -257960 = -101*q + 384097. What is the units digit of q?
7
Suppose 349*u + 228*u - 18242048 = 126*u. What is the hundreds digit of u?
4
Let b = -21 - -23. Let z be b + 1*8/4. Suppose 5*d + 228 = 4*p, 2*p + 100 = z*p + d. What is the tens digit of p?
5
Suppose 191572 = 4*d + 4*d - 36452. What is the ten thousands digit of d?
2
Let r = 4256 - 603. What is the hundreds digit of r?
6
Let u be 0/(4*(81/(-12))/9). Suppose 2*b + 4*w - 644 = -u*b, 5*w = 5*b - 1610. What is the hundreds digit of b?
3
Suppose 38 - 894 = -8*t. Let q = -82 + t. What is the hundreds digit of (-3 + (-493)/5)/((-10)/q)?
2
Let y be 5283/(-63) - 1/7. What is the units digit of (-21700)/y*(-12)/(-10)?
0
Let o be (-116 + -8)*(-2)/(0 - 1). Let z = -214 - o. What is the units digit of z?
4
Let y(j) = -j**2 + 53*j - 460. Let q be y(11). Suppose 0 = 2*h - 5*h. Suppose 3*c = -q*r + 5*r + 414, 2*r + 8 = h. What is the units digit of c?
4
Let o be (0 - 4)/((-2)/4). Let r(m) = -2*m**2 + 85*m + 1177. Let j be r(-11). Suppose j = -4*z + o + 32. What is the tens digit of z?
1
Let n(x) = -x**3 - 4*x**2 - 5*x - 2. Let i = 36 - 31. Suppose i*l = 2*l - 18. What is the tens digit of n(l)?
0
Suppose -a = 4 - 8. Suppose -4*n - 120 = a*m - 0*n, -5*n - 57 = 2*m. Let k = m - -121. What is the units digit of k?
0
Let r(p) = p**2 - p - 4. Let w be r(3). Suppose -w*g = 5*h + 66 - 23, 0 = 4*g - 4. Let s(k) = k**3 + 13*k**2 + 8*k + 12. What is the hundreds digit of s(h)?
2
Let a = 39224 + -27047. What is the units digit of a?
7
Suppose -l - 2*n + 3*n - 6 = 0, 4*l = -n - 24. Let z be (-10)/l - 7/(-21). Suppose -120 = -4*w - z*w. What is the units digit of w?
0
Let w = -607 - -607. Suppose w = 3*d + 2*m - 1051, 5*d - 3*m + 362 = 6*d. What is the units digit of d?
7
Let t(o) = 47*o**3 - 9*o**2 - 13*o - 35. What is the hundreds digit of t(6)?
7
Let z be -4*((-4)/(-1) + -5). Suppose 3*h + 8 = -h + 3*j, j = z*h. What is the units digit of ((-9)/h)/(3/(-27))?
1
Let j(b) = -6*b + 147. Let l be j(23). What is the thousands digit of (-20)/45 - ((-13792)/l - 5)?
1
Let j(f) = 